50 + 3?
53
In base 2, what is -1 - -1011011101001?
1011011101000
In base 10, what is -1404 + -3?
-1407
In base 4, what is -1302 + 0?
-1302
In base 6, what is 0 - 2503?
-2503
In base 4, what is 11 + -1132?
-1121
In base 8, what is -3 + -67?
-72
In base 12, what is 2b7 - -2?
2b9
In base 16, what is -5e - 4?
-62
In base 8, what is 74 + 3?
77
In base 2, what is -10 - 11110101?
-11110111
In base 11, what is 2 - -61?
63
In base 14, what is -13 - -d4?
c1
In base 13, what is 7c - 2?
7a
In base 14, what is b - 2?
9
In base 14, what is -1 + 7d5?
7d4
In base 14, what is 982 - 5?
97b
In base 2, what is -101000011001 - 100?
-101000011101
In base 7, what is 310 + 4?
314
In base 11, what is 12 - 357?
-345
In base 15, what is e3d + -3?
e3a
In base 8, what is -1 + -1407?
-1410
In base 16, what is 249d + 4?
24a1
In base 5, what is -1 + -2441?
-2442
In base 16, what is -137d - -4?
-1379
In base 13, what is 4a + -2?
48
In base 16, what is 1 - -198?
199
In base 10, what is 6 - 28?
-22
In base 2, what is -1000011 - -11?
-1000000
In base 7, what is -10 + 1522?
1512
In base 6, what is -111 + 110?
-1
In base 16, what is 2ca + -2?
2c8
In base 13, what is -b - -51?
43
In base 5, what is 220 + -14?
201
In base 9, what is 53 - 45?
7
In base 10, what is -1249 + -4?
-1253
In base 14, what is 15 + 1b6?
1cb
In base 13, what is -30 - c?
-3c
In base 11, what is 76 + -1?
75
In base 9, what is 3 + -225?
-222
In base 7, what is -4234 - 1?
-4235
In base 4, what is 202 + -2230?
-2022
In base 7, what is -24 - -500?
443
In base 11, what is 33 + -3?
30
In base 2, what is 1001110111 + -10?
1001110101
In base 15, what is 260 + -4?
25b
In base 13, what is -16 - -7?
-c
In base 5, what is -10 - -121?
111
In base 16, what is -5 - 8?
-d
In base 12, what is 2a4 + 3?
2a7
In base 16, what is 4f - -5?
54
In base 16, what is -42 + 2c?
-16
In base 5, what is 12103 - -1?
12104
In base 7, what is 1 + -2011?
-2010
In base 9, what is 776 + -2?
774
In base 11, what is 2 + -13?
-11
In base 13, what is 50 - -41?
91
In base 3, what is 1102222 - 0?
1102222
In base 4, what is 10 - 220?
-210
In base 4, what is -1333 + 330?
-1003
In base 12, what is 159 - -1?
15a
In base 5, what is -10 - 12?
-22
In base 2, what is 100 - -100101000?
100101100
In base 4, what is 11030 - 20?
11010
In base 3, what is 10 + -102022200?
-102022120
In base 13, what is 1 - -446?
447
In base 15, what is -57a - 2?
-57c
In base 7, what is 13 - -10?
23
In base 13, what is a9 + 4?
b0
In base 14, what is 4 - -46?
4a
In base 14, what is 73 + -c?
65
In base 11, what is 3 + 6?
9
In base 11, what is -1 - 2a00?
-2a01
In base 2, what is 1 - 10001010000?
-10001001111
In base 15, what is c1 + -3?
bd
In base 3, what is 1112 + -12?
1100
In base 7, what is -23 + -54?
-110
In base 8, what is 10543 - 0?
10543
In base 5, what is 314312 + -10?
314302
In base 9, what is 5 - -125?
131
In base 6, what is 141 + -410?
-225
In base 5, what is -21312 + -4?
-21321
In base 2, what is -1 + -10011110?
-10011111
In base 9, what is 0 + 726?
726
In base 7, what is -1 - -12020?
12016
In base 13, what is -24c + -5?
-254
In base 9, what is -21 - -116?
85
In base 16, what is -21b - 5?
-220
In base 3, what is 11 - 220?
-202
In base 14, what is 3 - -119?
11c
In base 15, what is -4 - 2b?
-30
In base 10, what is -9 + -177?
-186
In base 15, what is -4 + -2d?
-32
In base 14, what is 12 + -143?
-131
In base 16, what is -1 + -b32?
-b33
In base 9, what is -2 - 46?
-48
In base 4, what is -1013 + -213?
-1232
In base 2, what is 111110100110 + -1?
111110100101
In base 3, what is 100 + -20?
10
In base 16, what is -21 - -1f?
-2
In base 13, what is 4 + -1b?
-17
In base 2, what is -1110 - 1111?
-11101
In base 13, what is a + 297?
2a4
In base 7, what is -16 - 100?
-116
In base 9, what is -125 + -21?
-146
In base 4, what is -3 + 10?
1
In base 2, what is -111 - -1100010?
1011011
In base 15, what is 2120 + -4?
211b
In base 8, what is 110 + 5?
115
In base 7, what is 14033 - 3?
14030
In base 15, what is -224e + 1?
-224d
In base 16, what is 0 + 39d?
39d
In base 11, what is 1219 + 0?
1219
In base 16, what is -4 - -5e3?
5df
In base 10, what is -4 + 3578?
3574
In base 7, what is -225 - 12?
-240
In base 15, what is b + -204?
-1e8
In base 12, what is -481 + -4?
-485
In base 4, what is 3 - 22?
-13
In base 11, what is 47 - -7?
53
In base 11, what is -11 + -1093?
-10a4
In base 12, what is -106 - -1?
-105
In base 8, what is -132 + -15?
-147
In base 16, what is 13 + 1c?
2f
In base 10, what is -45 - 6?
-51
In base 8, what is -4 + 53?
47
In base 5, what is -12030 + -4?
-12034
In base 14, what is 0 - -1325?
1325
In base 14, what is 2 - -26d?
271
In base 9, what is -833 + 11?
-822
In base 7, what is 0 + -2132?
-2132
In base 11, what is -50 - -34?
-17
In base 11, what is -19 + -263?
-281
In base 7, what is -104 - -1?
-103
In base 9, what is -71 - 27?
-108
In base 9, what is -28 - 116?
-145
In base 5, what is 3 - -111313?
111321
In base 3, what is 10 - 1222?
-1212
In base 3, what is 121 - -2201?
10022
In base 5, what is 143 - 11?
132
In base 5, what is -4 - -224?
220
In base 2, what is -100 - -101010?
100110
In base 11, what is -5 - -929?
924
In base 12, what is -3 - 791?
-794
In base 11, what is -251 + 5?
-247
In base 11, what is -3 + 1376?
1373
In base 5, what is -4300 - -3?
-4242
In base 16, what is -36b + 1?
-36a
In base 12, what is -3 - 1a?
-21
In base 15, what is 10a1 + 2?
10a3
In base 11, what is -1 + 18?
17
In base 11, what is 103 - 1?
102
In base 2, what is -1001000101101 - 101?
-1001000110010
In base 13, what is -187 - -7?
-180
In base 11, what is -3 - 140?
-143
In base 10, what is 8 + 66?
74
In base 12, what is -83 + 6?
-79
In base 15, what is -4e - -1d6?
187
In base 16, what is 2 - -3e?
40
In base 11, what is 89 - -134?
212
In base 7, what is -2303 - 5?
-2311
In base 11, what is 38 - -4?
41
In base 14, what is -8c5 - -1?
-8c4
In base 8, what is 3 + -151?
-146
In base 2, what is 10 + -1000010111010?
-1000010111000
In base 8, what is 230 - 60?
150
In base 16, what is -1a - -1d?
3
In base 7, what is -3 + -4?
-10
In base 15, what is 681 - 2?
67e
In base 2, what is 10 + -1?
1
In base 8, what is -5 + 326?
321
In base 8, what is 0 + -25?
-25
In base 15, what is 107 + -5?
102
In base 5, what is -43 + 10?
-33
In base 9, what is 52 - 108?
-46
In base 10, what is -400 + 2?
-398
In base 16, what is -473 + -1?
-474
In base 16, what is -3 - 485?
-488
In base 10, what is -2 + -6?
-8
In base 10, what is 45 + 2?
47
In base 16, what is 1 + 89?
8a
In base 9, what is 14 + -106?
-82
In base 2, what is 10010010101 - -101?
10010011010
In base 12, what is 2 + -88?
-86
In base 10, what is -32 + -374?
-406
In base 5, what is 10 - 4111?
-4101
In base 16, what is 0 - e0?
-e0
In base 3, what is 1002200 - -11?
1002211
In base 3, what is 111 + -10012?
-2201
In base 6, what is 4 - -52341?
52345
In base 7, what is -5 - -3004?
2666
In base 15, what is 24 - 31?
-c
In base 15, what is 0 + 2b?
2b
In base 16, what is -b0 + -9?
-b9
In base 2, what is 110000 + 0?
110000
In base 15, what is 2b3e + 3?
2b42
In base 13, what is -43b - -8?
-433
In base 13, what is -3b - -8?
-33
In base 10, what is -173 - -5?
-168
In base 16, what is 701 - -3?
704
In base 13, what is -1c - 0?
-1c
In base 15, what is 3 - 41e?
-41b
In base 10, what is -157 + -4?
-161
In base 10, what is -1 + 38?
37
In base 11, what is -2 + 5?
3
In base 9, what is -884 - -2?
-882
In base 5, what is -4 + -1043?
-1102
In base 9, what is -4455 + -3?
-4458
In base 4, what is -11 + 323033?
323022
In base 4, what is -2310 + 33?
-2211
In base 2, what is -10110 - 10011?
-101001
In base 9, what is 301 - -26?
327
In base 3, what is -11 - 2222?
-10010
In base 3, what is 1220 + -11?
1202
In base 7, what is 2 + 10413?
10415
In base 2, what is 101001100001100 + -11?
101001100001001
In base 15, what is -1c - 3?
-20
In base 4, what is -23 + 2?
-21
In base 6, what is -4424 - -5?
-4415
In base 5, what is 3002 - 223?
2224
In base 15, what is -221 - 7?
-228
In base 14, what is -d1 - -7?
-c8
In base 15, what is -1e - -4?
-1a
In base 8, what is -220 - 14?
-234
In base 16, what is 2e - -1?
2f
In base 9, what is 73 - 3?
70
In base 16, what is -20 - d?
-2d
In base 4, what is -11031 - 3?
-11100
In base 6, what is -2221 - 5?
-2230
In base 3, what is -2111 - 1?
-2112
In base 6, what is -50 - 411?
-501
In 